ulate the remainder when 357 is divided by 245.
112
What is the remainder when 44051 is divided by 484?
7
What is the remainder when 23034 is divided by 7677?
3
Calculate the remainder when 8034 is divided by 164.
162
What is the remainder when 572275 is divided by 38?
33
What is the remainder when 607 is divided by 332?
275
What is the remainder when 753142 is divided by 1599?
13
What is the remainder when 14438 is divided by 26?
8
What is the remainder when 1979 is divided by 1967?
12
What is the remainder when 5582 is divided by 294?
290
Calculate the remainder when 8997 is divided by 8996.
1
Calculate the remainder when 4077 is divided by 68.
65
What is the remainder when 81921 is divided by 3559?
64
What is the remainder when 65889 is divided by 323?
320
What is the remainder when 3394 is divided by 795?
214
Calculate the remainder when 6628636 is divided by 136.
132
Calculate the remainder when 2902 is divided by 37.
16
Calculate the remainder when 23650 is divided by 353.
352
Calculate the remainder when 525 is divided by 227.
71
Calculate the remainder when 1375637 is divided by 418.
417
Calculate the remainder when 82746 is divided by 151.
149
Calculate the remainder when 4321 is divided by 2075.
171
What is the remainder when 849574 is divided by 24?
22
Calculate the remainder when 13023 is divided by 4337.
12
Calculate the remainder when 39429 is divided by 13143.
0
Calculate the remainder when 155918 is divided by 684.
650
Calculate the remainder when 353753 is divided by 1474.
1467
What is the remainder when 4254 is divided by 707?
12
Calculate the remainder when 55999 is divided by 56.
55
Calculate the remainder when 103507 is divided by 75.
7
Calculate the remainder when 1596289 is divided by 30.
19
What is the remainder when 1657331 is divided by 46?
43
What is the remainder when 170473 is divided by 63?
58
What is the remainder when 1859 is divided by 676?
507
Calculate the remainder when 425587 is divided by 1166.
1163
Calculate the remainder when 2066 is divided by 277.
127
What is the remainder when 97277 is divided by 44?
37
What is the remainder when 20542 is divided by 77?
60
What is the remainder when 786941 is divided by 2242?
2241
What is the remainder when 16244 is divided by 160?
84
Calculate the remainder when 29897 is divided by 3736.
9
Calculate the remainder when 271959 is divided by 16997.
7
Calculate the remainder when 143340 is divided by 543.
531
What is the remainder when 143359 is divided by 35?
34
Calculate the remainder when 65551 is divided by 12.
7
Calculate the remainder when 7238 is divided by 42.
14
What is the remainder when 1028 is divided by 124?
36
What is the remainder when 83148 is divided by 1188?
1176
Calculate the remainder when 1873446 is divided by 156120.
6
Calculate the remainder when 1519 is divided by 519.
481
What is the remainder when 602 is divided by 537?
65
Calculate the remainder when 428 is divided by 211.
6
Calculate the remainder when 891572 is divided by 122.
118
Calculate the remainder when 13577 is divided by 847.
25
What is the remainder when 707 is divided by 90?
77
What is the remainder when 5413 is divided by 58?
19
What is the remainder when 13852 is divided by 131?
97
Calculate the remainder when 30626 is divided by 5101.
20
Calculate the remainder when 8175 is divided by 628.
11
What is the remainder when 1190 is divided by 440?
310
Calculate the remainder when 776354 is divided by 297.
293
Calculate the remainder when 1776 is divided by 1207.
569
Calculate the remainder when 139820 is divided by 46574.
98
What is the remainder when 15479 is divided by 58?
51
Calculate the remainder when 7459 is divided by 7.
4
Calculate the remainder when 2265 is divided by 1101.
63
What is the remainder when 197 is divided by 84?
29
What is the remainder when 65048 is divided by 1032?
32
What is the remainder when 74260 is divided by 157?
156
What is the remainder when 52889 is divided by 23?
12
What is the remainder when 1872 is divided by 510?
342
What is the remainder when 2629 is divided by 1279?
71
What is the remainder when 77224 is divided by 1073?
1041
What is the remainder when 703 is divided by 144?
127
What is the remainder when 2763383 is divided by 26?
25
Calculate the remainder when 3854 is divided by 18.
2
What is the remainder when 8956 is divided by 902?
838
What is the remainder when 161390 is divided by 591?
47
Calculate the remainder when 5219 is divided by 39.
32
What is the remainder when 4144 is divided by 458?
22
Calculate the remainder when 7801 is divided by 96.
25
What is the remainder when 91806 is divided by 18361?
1
What is the remainder when 669696 is divided by 4435?
11
Calculate the remainder when 35715 is divided by 188.
183
Calculate the remainder when 28641 is divided by 7158.
9
What is the remainder when 299617 is divided by 197?
177
Calculate the remainder when 8839 is divided by 590.
579
Calculate the remainder when 99566 is divided by 49762.
42
Calculate the remainder when 898 is divided by 87.
28
What is the remainder when 3686 is divided by 2?
0
Calculate the remainder when 32745 is divided by 6.
3
Calculate the remainder when 15990 is divided by 149.
47
What is the remainder when 5987 is divided by 393?
92
What is the remainder when 1367 is divided by 1325?
42
What is the remainder when 2775 is divided by 473?
410
What is the remainder when 59109 is divided by 23?
22
Calculate the remainder when 14652 is divided by 312.
300
What is the remainder when 2258 is divided by 468?
386
What is the remainder when 103792 is divided by 77?
73
Calculate the remainder when 181 is divided by 17.
11
What is the remainder when 564467 is divided by 426?
17
Calculate the remainder when 15678 is divided by 49.
47
What is the remainder when 14318 is divided by 971?
724
What is the remainder when 66477 is divided by 163?
136
Calculate the remainder when 2403 is divided by 29.
25
What is the remainder when 17085 is divided by 123?
111
What is the remainder when 1044 is divided by 214?
188
What is the remainder when 10684 is divided by 484?
36
Calculate the remainder when 15620 is divided by 2601.
14
What is the remainder when 3762 is divided by 376?
2
What is the remainder when 1465 is divided by 450?
115
What is the remainder when 314 is divided by 29?
24
Calculate the remainder when 2302 is divided by 624.
430
What is the remainder when 6027 is divided by 1505?
7
Calculate the remainder when 837532 is divided by 13.
7
What is the remainder when 1210 is divided by 376?
82
What is the remainder when 44038 is divided by 370?
8
Calculate the remainder when 14404 is divided by 7197.
10
Calculate the remainder when 125188 is divided by 106.
2
What is the remainder when 236957 is divided by 78980?
17
What is the remainder when 2333704 is divided by 17?
12
What is the remainder when 3764 is divided by 144?
20
What is the remainder when 8129 is divided by 47?
45
Calculate the remainder when 39828 is divided by 213.
210
Calculate the remainder when 2811 is divided by 2798.
13
What is the remainder when 1775 is divided by 231?
158
Calculate the remainder when 5540 is divided by 460.
20
Calculate the remainder when 19554 is divided by 501.
15
Calculate the remainder when 402812 is divided by 3949.
14
Calculate the remainder when 82617 is divided by 4348.
5
What is the remainder when 63494 is divided by 63476?
18
Calculate the remainder when 115553 is divided by 38510.
23
What is the remainder when 361 is divided by 248?
113
Calculate the remainder when 41441 is divided by 126.
113
What is the remainder when 24579 is divided by 272?
99
What is the remainder when 2153 is divided by 2151?
2
What is the remainder when 588303 is divided by 71?
68
What is the remainder when 50843 is divided by 45?
38
Calculate the remainder when 2838 is divided by 158.
152
What is the remainder when 111151 is divided by 37049?
4
What is the remainder when 1057011 is divided by 1189?
1179
What is the remainder when 639 is divided by 43?
37
Calculate the remainder when 59524 is divided by 25.
24
Calculate the remainder when 18494 is divided by 6164.
2
What is the remainder when 23472 is divided by 39?
33
What is the remainder when 252 is divided by 236?
16
What is the remainder when 79255 